{"id":12306,"date":"2015-12-02T14:22:13","date_gmt":"2015-12-02T13:22:13","guid":{"rendered":"https:\/\/www.franziskaneum.de\/wp\/franziskaner-des-jahres-12-13\/"},"modified":"2025-07-22T16:46:39","modified_gmt":"2025-07-22T14:46:39","slug":"franziskaner-des-jahres-12-13","status":"publish","type":"page","link":"https:\/\/www.franziskaneum.de\/wp\/franziskaner-des-jahres-12-13\/","title":{"rendered":"Erster Franziskaner des Jahres 2012\/2013"},"content":{"rendered":"<h3>Markus Rudolph (LK 12\/Ph) \u2013 Laudatio<\/h3>\n<p style=\"text-align: justify;\">Markus Rudolph<a href=\"http:\/\/www.franziskaneum.de\/wordpress\/wp-content\/uploads\/2015\/12\/13_franziskaner_markus.jpg\" data-lightbox=\"gallery\"><img loading=\"lazy\" decoding=\"async\" src=\"https:\/\/www.franziskaneum.de\/wp\/wp-content\/uploads\/2015\/12\/13_franziskaner_markus-e1521042539175.jpg\" alt=\"13_franziskaner_markus\" width=\"169\" height=\"255\" align=\"left\" hspace=\"10\" vspace=\"5\" \/><\/a> ist ein Sch\u00fcler, den ich als Elternsprecherin und meine Stellvertreterin Frau Jainta in den vergangenen Jahren als \u00fcberdurchschnittlich engagiert f\u00fcr unsere Schule erleben konnten. Markus war in den zur\u00fcckliegenden 2 Schuljahren stellvertretender Sch\u00fclersprecher unserer Schule. Seine Position hat er stets sehr ernst genommen und die Sch\u00fclerarbeit am Franziskaneum durch seine eigenst\u00e4ndige Arbeitsweise enorm bereichert. Regelm\u00e4\u00dfige und gut strukturierte Treffen der Sch\u00fclersprecher wurden unter seiner Regie zu einer Selbstverst\u00e4ndlichkeit. Hier warb er nicht nur f\u00fcr mehr Engagement f\u00fcr unsere Schule, sondern auch f\u00fcr die Wertsch\u00e4tzung des neuen Schulgeb\u00e4udes inkl. des Inventars. Hier hat er bis heute eine Vorbildrolle in sich, spricht Verst\u00f6\u00dfe gegen die Hausordnung offen an und fordert auch klare Konsequenzen. Dieser Erziehungsprozess zu mehr Wertsch\u00e4tzung von materiellen Dingen, aber auch zum ordentlichen Umgang der Sch\u00fcler untereinander, aber auch von Sch\u00fclern und Lehrern, ist wesentlich durch ihn in Gang gekommen. Heute wird dieser Prozess vom neuen Sch\u00fclerrat mit viel Enthusiasmus weitergef\u00fchrt.<br \/>\nDie zwei Jahre als Stellvertretender Sch\u00fclersprecher fielen in die Zeit der Fertigstellung des neuen Verbinderbaus, sowie die beginnenden Sanierungs- und Umbauma\u00dfnahmen des Haupthauses. Die Arbeitsgruppe Schulsanierung, in der er aktives Mitglied war, erlebte Markus als \u00fcberdurchschnittlich engagierten Sch\u00fcler, dem eine optimale Ausgestaltung des Neubaus aus Sch\u00fclersicht sehr am Herzen lag. Er war nicht nur bei allen Besprechungen anwesend, sondern hat durch vielf\u00e4ltige Vorschl\u00e4ge dazu beigetragen, dass wir den neuen Verbinderbau heute so vorfinden, wie er ist. Ob es das Farbkonzept war oder die Auswahl der M\u00f6bel. \u00dcberall hat er sich mit guten Ideen eingebracht und damit der Schulleitung auch bei Gespr\u00e4chen mit der Stadt den R\u00fccken gest\u00e4rkt. Auch an der Neugestaltung des Schulhofes hat er wesentlichen Anteil.<br \/>\nAls aktives Mitglied der Mensakommission 2010\/2011 und 2011\/2012 sorgte er mit f\u00fcr den reibungslosen Essenanbieterwechsel im Zuge der Neuer\u00f6ffnung der Mensa mit Cafeteria. Als Mitkoordinator der Sch\u00fcler-Essenaufsicht \u00fcbernahm er nicht nur zusammen mit 1 Lehrer die Einteilung und Einarbeitung der Sch\u00fcler der 10.Klassen, sondern machte auch konkrete Vorschl\u00e4ge f\u00fcr Verbesserungen in den Abl\u00e4ufen der Sch\u00fclerspeisung. Dabei kl\u00e4rte er in Eigenverantwortung auf kurzem Wege direkt mit dem Essenversorger anstehende Probleme.<br \/>\nIm Schuljahr 2011\/12 war er einer der Hauptorganisatoren des Schulballs des Franziskaneums. Programmkoordination, Kartenverkauf, Werbung und vieles mehr wurden durch ihn ma\u00dfgeblich realisiert.<br \/>\nLehrer und Sch\u00fcler unserer Schule werden noch anderes positiv erw\u00e4hnen k\u00f6nnen. Da Markus in diesem Jahr sein Abitur ablegen wird, ist jetzt der letzte Zeitpunkt, ihm f\u00fcr seine vielf\u00e4ltigen T\u00e4tigkeiten in den vergangenen 2 Schuljahren mit dem Schulpreis \u201eFranziskaner des Jahres\u201c zu ehren.<br \/>\nVielen Dank!<br \/>\n<i>(gehalten von Frau Daraghmeh, Elternratsvorsitzende) <\/i><\/p>\n","protected":false},"excerpt":{"rendered":"<p>Markus Rudolph (LK 12\/Ph) \u2013 Laudatio Markus Rudolph ist ein Sch\u00fcler, den ich als Elternsprecherin und meine Stellvertreterin Frau Jainta in den vergangenen Jahren als \u00fcberdurchschnittlich engagiert f\u00fcr unsere Schule erleben konnten. Markus war in den zur\u00fcckliegenden 2 Schuljahren stellvertretender Sch\u00fclersprecher unserer Schule. Seine Position hat er stets sehr ernst genommen und die Sch\u00fclerarbeit am&#8230;<\/p>\n","protected":false},"author":1,"featured_media":1828,"parent":0,"menu_order":0,"comment_status":"closed","ping_status":"closed","template":"","meta":{"_kadence_starter_templates_imported_post":false,"_kad_post_transparent":"","_kad_post_title":"","_kad_post_layout":"","_kad_post_sidebar_id":"","_kad_post_content_style":"","_kad_post_vertical_padding":"","_kad_post_feature":"","_kad_post_feature_position":"","_kad_post_header":false,"_kad_post_footer":false,"_kad_post_classname":"","footnotes":""},"class_list":["post-12306","page","type-page","status-publish","has-post-thumbnail","hentry"],"_links":{"self":[{"href":"https:\/\/www.franziskaneum.de\/wp\/wp-json\/wp\/v2\/pages\/12306","targetHints":{"allow":["GET"]}}],"collection":[{"href":"https:\/\/www.franziskaneum.de\/wp\/wp-json\/wp\/v2\/pages"}],"about":[{"href":"https:\/\/www.franziskaneum.de\/wp\/wp-json\/wp\/v2\/types\/page"}],"author":[{"embeddable":true,"href":"https:\/\/www.franziskaneum.de\/wp\/wp-json\/wp\/v2\/users\/1"}],"replies":[{"embeddable":true,"href":"https:\/\/www.franziskaneum.de\/wp\/wp-json\/wp\/v2\/comments?post=12306"}],"version-history":[{"count":4,"href":"https:\/\/www.franziskaneum.de\/wp\/wp-json\/wp\/v2\/pages\/12306\/revisions"}],"predecessor-version":[{"id":13432,"href":"https:\/\/www.franziskaneum.de\/wp\/wp-json\/wp\/v2\/pages\/12306\/revisions\/13432"}],"wp:featuredmedia":[{"embeddable":true,"href":"https:\/\/www.franziskaneum.de\/wp\/wp-json\/wp\/v2\/media\/1828"}],"wp:attachment":[{"href":"https:\/\/www.franziskaneum.de\/wp\/wp-json\/wp\/v2\/media?parent=12306"}],"curies":[{"name":"wp","href":"https:\/\/api.w.org\/{rel}","templated":true}]}}

<h3>Markus Rudolph (LK 12/Ph) – Laudatio</h3>
<p style="text-align: justify;">Markus Rudolph<a href="http://www.franziskaneum.de/wordpress/wp-content/uploads/2015/12/13_franziskaner_markus.jpg" data-lightbox="gallery"><img loading="lazy" decoding="async" src="https://www.franziskaneum.de/wp/wp-content/uploads/2015/12/13_franziskaner_markus-e1521042539175.jpg" alt="13_franziskaner_markus" width="169" height="255" align="left" hspace="10" vspace="5" /></a> ist ein Schüler, den ich als Elternsprecherin und meine Stellvertreterin Frau Jainta in den vergangenen Jahren als überdurchschnittlich engagiert für unsere Schule erleben konnten. Markus war in den zurückliegenden 2 Schuljahren stellvertretender Schülersprecher unserer Schule. Seine Position hat er stets sehr ernst genommen und die Schülerarbeit am Franziskaneum durch seine eigenständige Arbeitsweise enorm bereichert. Regelmäßige und gut strukturierte Treffen der Schülersprecher wurden unter seiner Regie zu einer Selbstverständlichkeit. Hier warb er nicht nur für mehr Engagement für unsere Schule, sondern auch für die Wertschätzung des neuen Schulgebäudes inkl. des Inventars. Hier hat er bis heute eine Vorbildrolle in sich, spricht Verstöße gegen die Hausordnung offen an und fordert auch klare Konsequenzen. Dieser Erziehungsprozess zu mehr Wertschätzung von materiellen Dingen, aber auch zum ordentlichen Umgang der Schüler untereinander, aber auch von Schülern und Lehrern, ist wesentlich durch ihn in Gang gekommen. Heute wird dieser Prozess vom neuen Schülerrat mit viel Enthusiasmus weitergeführt.<br />
Die zwei Jahre als Stellvertretender Schülersprecher fielen in die Zeit der Fertigstellung des neuen Verbinderbaus, sowie die beginnenden Sanierungs- und Umbaumaßnahmen des Haupthauses. Die Arbeitsgruppe Schulsanierung, in der er aktives Mitglied war, erlebte Markus als überdurchschnittlich engagierten Schüler, dem eine optimale Ausgestaltung des Neubaus aus Schülersicht sehr am Herzen lag. Er war nicht nur bei allen Besprechungen anwesend, sondern hat durch vielfältige Vorschläge dazu beigetragen, dass wir den neuen Verbinderbau heute so vorfinden, wie er ist. Ob es das Farbkonzept war oder die Auswahl der Möbel. Überall hat er sich mit guten Ideen eingebracht und damit der Schulleitung auch bei Gesprächen mit der Stadt den Rücken gestärkt. Auch an der Neugestaltung des Schulhofes hat er wesentlichen Anteil.<br />
Als aktives Mitglied der Mensakommission 2010/2011 und 2011/2012 sorgte er mit für den reibungslosen Essenanbieterwechsel im Zuge der Neueröffnung der Mensa mit Cafeteria. Als Mitkoordinator der Schüler-Essenaufsicht übernahm er nicht nur zusammen mit 1 Lehrer die Einteilung und Einarbeitung der Schüler der 10.Klassen, sondern machte auch konkrete Vorschläge für Verbesserungen in den Abläufen der Schülerspeisung. Dabei klärte er in Eigenverantwortung auf kurzem Wege direkt mit dem Essenversorger anstehende Probleme.<br />
Im Schuljahr 2011/12 war er einer der Hauptorganisatoren des Schulballs des Franziskaneums. Programmkoordination, Kartenverkauf, Werbung und vieles mehr wurden durch ihn maßgeblich realisiert.<br />
Lehrer und Schüler unserer Schule werden noch anderes positiv erwähnen können. Da Markus in diesem Jahr sein Abitur ablegen wird, ist jetzt der letzte Zeitpunkt, ihm für seine vielfältigen Tätigkeiten in den vergangenen 2 Schuljahren mit dem Schulpreis „Franziskaner des Jahres“ zu ehren.<br />
Vielen Dank!<br />
<i>(gehalten von Frau Daraghmeh, Elternratsvorsitzende) </i></p>

<p>Markus Rudolph (LK 12/Ph) – Laudatio Markus Rudolph ist ein Schüler, den ich als Elternsprecherin und meine Stellvertreterin Frau Jainta in den vergangenen Jahren als überdurchschnittlich engagiert für unsere Schule erleben konnten. Markus war in den zurückliegenden 2 Schuljahren stellvertretender Schülersprecher unserer Schule. Seine Position hat er stets sehr ernst genommen und die Schülerarbeit am&#8230;</p>
