{"id":195,"date":"2025-02-13T08:45:50","date_gmt":"2025-02-13T07:45:50","guid":{"rendered":"https:\/\/www.franziskaneum.de\/wp\/?page_id=195"},"modified":"2025-09-13T17:56:11","modified_gmt":"2025-09-13T15:56:11","slug":"komplexe-leistung","status":"publish","type":"page","link":"https:\/\/www.franziskaneum.de\/wp\/komplexe-leistung\/","title":{"rendered":"Komplexe Leistung"},"content":{"rendered":"\n<h3 class=\"wp-block-heading\"><span style=\"color: #800000;\">KOL-Themenwahl f\u00fcr die Sch\u00fcler der 11. Klassen im Schuljahr 2025\/26<\/span><\/h3>\n\n\n\n<p><a href=\"\/wp\/wp-content\/uploads\/2014\/12\/Handreichungen-zur-Besonderen-Lernleistung.pdf\" target=\"_blank\" rel=\"noreferrer noopener\">Handreichungen-zur-besonderen-Lernleistung<\/a><\/p>\n\n\n\n<p><a href=\"\/materialsammlung\/\">Zur Materialsammlung (gesch\u00fctzter Bereich)<\/a><\/p>\n\n\n\n<p>Vom 15.09.2025 ist die Anmeldung f\u00fcr die KoL-Themen freigeschalten. Die Anmeldedaten erhielten die Sch\u00fcler \u00fcber ihre Tutoren. Bis einschlie\u00dflich 21.09.2025 24:00 Uhr k\u00f6nnen die W\u00fcnsche eingetragen werden. Die Wahl der Wunschthemen darf dabei noch zweimal korrigiert werden. Mit 140 Themen insgesamt gibt es dieses Jahr viel Auswahl &#8211; Da viele Sch\u00fcler schon ihre Themen mit den Fachlehrern vorher abgesprochen haben, ist die Auswahl in einigen Kursen etwas beschr\u00e4nkt.<br>Die direkt vergebenen Themen k\u00f6nnen nach einer Anmeldung eingesehen werden.<\/p>\n\n\n\n<p><span style=\"color: #0000ff;\"><a style=\"color: #0000ff;\" href=\"https:\/\/www.franziskaneum.de\/kol\/anmeldung.php\">Hier kommt ihr zur Anmeldung<\/a><\/span><br>Bei technischen Problemen wendet euch bitte an Herrn <em>Heinzig<\/em> (<a href=\"mailto:peter.heinzig@franziskaneum.lernsax.de\">peter.heinzig@franziskaneum.lernsax.de<\/a>)<\/p>\n","protected":false},"excerpt":{"rendered":"<p>KOL-Themenwahl f\u00fcr die Sch\u00fcler der 11. Klassen im Schuljahr 2025\/26 Handreichungen-zur-besonderen-Lernleistung Zur Materialsammlung (gesch\u00fctzter Bereich) Vom 15.09.2025 ist die Anmeldung f\u00fcr die KoL-Themen freigeschalten. Die Anmeldedaten erhielten die Sch\u00fcler \u00fcber ihre Tutoren. Bis einschlie\u00dflich 21.09.2025 24:00 Uhr k\u00f6nnen die W\u00fcnsche eingetragen werden. Die Wahl der Wunschthemen darf dabei noch zweimal korrigiert werden. Mit 140 Themen&#8230;<\/p>\n","protected":false},"author":3,"featured_media":0,"parent":0,"menu_order":0,"comment_status":"closed","ping_status":"closed","template":"","meta":{"_kadence_starter_templates_imported_post":false,"_kad_post_transparent":"","_kad_post_title":"","_kad_post_layout":"","_kad_post_sidebar_id":"","_kad_post_content_style":"","_kad_post_vertical_padding":"","_kad_post_feature":"","_kad_post_feature_position":"","_kad_post_header":false,"_kad_post_footer":false,"_kad_post_classname":"","footnotes":""},"class_list":["post-195","page","type-page","status-publish","hentry"],"_links":{"self":[{"href":"https:\/\/www.franziskaneum.de\/wp\/wp-json\/wp\/v2\/pages\/195","targetHints":{"allow":["GET"]}}],"collection":[{"href":"https:\/\/www.franziskaneum.de\/wp\/wp-json\/wp\/v2\/pages"}],"about":[{"href":"https:\/\/www.franziskaneum.de\/wp\/wp-json\/wp\/v2\/types\/page"}],"author":[{"embeddable":true,"href":"https:\/\/www.franziskaneum.de\/wp\/wp-json\/wp\/v2\/users\/3"}],"replies":[{"embeddable":true,"href":"https:\/\/www.franziskaneum.de\/wp\/wp-json\/wp\/v2\/comments?post=195"}],"version-history":[{"count":5,"href":"https:\/\/www.franziskaneum.de\/wp\/wp-json\/wp\/v2\/pages\/195\/revisions"}],"predecessor-version":[{"id":13535,"href":"https:\/\/www.franziskaneum.de\/wp\/wp-json\/wp\/v2\/pages\/195\/revisions\/13535"}],"wp:attachment":[{"href":"https:\/\/www.franziskaneum.de\/wp\/wp-json\/wp\/v2\/media?parent=195"}],"curies":[{"name":"wp","href":"https:\/\/api.w.org\/{rel}","templated":true}]}}

<h3 class="wp-block-heading"><span style="color: #800000;">KOL-Themenwahl für die Schüler der 11. Klassen im Schuljahr 2025/26</span></h3>



<p><a href="/wp/wp-content/uploads/2014/12/Handreichungen-zur-Besonderen-Lernleistung.pdf" target="_blank" rel="noreferrer noopener">Handreichungen-zur-besonderen-Lernleistung</a></p>



<p><a href="/materialsammlung/">Zur Materialsammlung (geschützter Bereich)</a></p>



<p>Vom 15.09.2025 ist die Anmeldung für die KoL-Themen freigeschalten. Die Anmeldedaten erhielten die Schüler über ihre Tutoren. Bis einschließlich 21.09.2025 24:00 Uhr können die Wünsche eingetragen werden. Die Wahl der Wunschthemen darf dabei noch zweimal korrigiert werden. Mit 140 Themen insgesamt gibt es dieses Jahr viel Auswahl &#8211; Da viele Schüler schon ihre Themen mit den Fachlehrern vorher abgesprochen haben, ist die Auswahl in einigen Kursen etwas beschränkt.<br>Die direkt vergebenen Themen können nach einer Anmeldung eingesehen werden.</p>



<p><span style="color: #0000ff;"><a style="color: #0000ff;" href="https://www.franziskaneum.de/kol/anmeldung.php">Hier kommt ihr zur Anmeldung</a></span><br>Bei technischen Problemen wendet euch bitte an Herrn <em>Heinzig</em> (<a href="mailto:peter.heinzig@franziskaneum.lernsax.de">peter.heinzig@franziskaneum.lernsax.de</a>)</p>

<p>KOL-Themenwahl für die Schüler der 11. Klassen im Schuljahr 2025/26 Handreichungen-zur-besonderen-Lernleistung Zur Materialsammlung (geschützter Bereich) Vom 15.09.2025 ist die Anmeldung für die KoL-Themen freigeschalten. Die Anmeldedaten erhielten die Schüler über ihre Tutoren. Bis einschließlich 21.09.2025 24:00 Uhr können die Wünsche eingetragen werden. Die Wahl der Wunschthemen darf dabei noch zweimal korrigiert werden. Mit 140 Themen&#8230;</p>
